2 + -3) - 0
-4
Calculate (-32 - -37) + (-1 - (-2 + 1)).
5
What is (10 - (-4 + 5)) + -6?
3
Evaluate 3 - (0 + 5) - 4 - -2.
-4
What is the value of (0 - (-7 - -3)) + -5 + 9?
8
What is the value of -5 - (-7 - (5 - 10))?
-3
5 + -11 - (-1 + -7)
2
What is the value of 4 - (5 + 3 + -5)?
1
What is the value of -5 + (5 - (-5 + 7))?
-2
What is the value of 9 + -2 + (-2 - 1)?
4
What is the value of (62 - 56) + -1 + 1?
6
5 + -6 + 3 - -5
7
-3 - (0 - -5) - -2
-6
Calculate -3 + (3 - 1) - (9 + -11).
1
What is -1 + 0 + 0 + 3?
2
What is the value of -3 + (-5 - -9) + -6?
-5
-1 - 1 - 3 - 0
-5
What is the value of (-12 - -5 - -18) + -6?
5
What is 13 - (11 - (-2 + 5))?
5
(1 - 6) + 10 + -4
1
Calculate 3 + 0 - ((1 - 1) + -2).
5
Calculate 2 - (1 - 1) - (-1 - 1).
4
3 - -4 - (7 + -4 + 1)
3
Evaluate 10 + -8 + 3 + -2.
3
(2 + -6 - -3) + (7 - 14)
-8
Evaluate 1 + 0 - -4 - 3.
2
(2 - (-4 - -2)) + 1
5
What is (-1 - 2) + (4 - (-2 + -3))?
6
What is the value of 8 + (-13 - -6) + -7 + 1?
-5
Evaluate -1 - -2 - 0 - (40 - 45).
6
What is the value of -2 - (-10 + 2) - 4?
2
What is -6 + 0 + (7 - 3) + 7?
5
Evaluate 33 - 29 - (2 - 5).
7
Evaluate 1 + -4 + 4 + -7 + 4.
-2
(-2 - (-2 + 0)) + -2
-2
What is (8 - -1) + -11 + 1 + 0?
-1
What is the value of 0 + (1 - (3 + -2)) + 0?
0
9 - (-4 - 2 - (-10 - -4))
9
Calculate 2 + (5 - -7) + -6 + -1.
7
Evaluate -10 + 5 + -2 + 1.
-6
Calculate -3 - -4 - (-3 - -4).
0
Evaluate -3 - -1 - -7 - 1.
4
Evaluate 3 - (-2 - (-5 + 3) - -6).
-3
Evaluate -35 + 36 + (0 - 0).
1
Calculate 2 + 3 + -5 + -3.
-3
What is the value of 8 + -12 + (4 - 4)?
-4
Calculate (2 - 3 - 2) + 5 + 3.
5
Evaluate 57 + -61 + (1 - (2 - -3)).
-8
Evaluate -1 - (6 + -9) - -6.
8
Evaluate -2 + 1 + 2 + -5.
-4
What is the value of (14 + -4 - 2) + -7?
1
Calculate 3 - (11 + -17 - (4 - 4)).
9
Calculate 4 + 1 + (4 + 0 - 5).
4
What is the value of (0 - 1) + -15 + 14?
-2
What is (6 - 0 - 0) + -5?
1
What is -5 + (-1 - (-5 - (4 + -8)))?
-5
What is the value of 6 + -2 - (8 - -1)?
-5
Calculate -6 - (5 + -9) - -5 - 0.
3
Evaluate -6 - -5 - -6 - (2 - -3).
0
Calculate 7 - ((5 - -1) + (40 - 43)).
4
What is 5 + 0 - (120 - 114)?
-1
(-14 + 8 - -3) + 4 + 2
3
What is (74 - 81) + (-1 - 0)?
-8
(2 + 0 - (-2 + -3)) + -3
4
4 + (2 + 1 - 9) + 3
1
Calculate (-1 - 2 - (4 - 6)) + 4.
3
0 - -1 - (-2 - (-9 + 6))
0
-2 + -4 + (-1 - -3) + 1
-3
What is the value of 1 - ((-4 - -3) + 4)?
-2
(5 - (6 - 2)) + -6
-5
What is the value of (-1 - 1) + (-5 - (-3 - 1))?
-3
Evaluate (0 - (6 - 1)) + 3.
-2
What is -6 - (-9 + 5 + -13 - -4)?
7
Calculate -2 + 6 + -5 + 2 + -1.
0
What is -8 + (-25 - -12) + 20?
-1
Evaluate (-7 - -5 - -5) + -1 + -6.
-4
What is the value of 0 + 0 - (-43 - -43)?
0
What is the value of 5 + -10 - -1 - -1?
-3
Evaluate (-3 - -7) + (4 - 7 - 1).
0
Evaluate -4 + 0 + (-31 - -34).
-1
Evaluate (2 - 5 - -8) + -22 + 13.
-4
-3 - 1 - (-1 + 1 - 11)
7
Evaluate 1 - 7 - -2 - (-3 + 3).
-4
What is the value of 7 + (5 - 10) - (-2 - -9)?
-5
What is (-12 + 25 - (4 + 3)) + -7?
-1
(0 - 4) + 1 + 4
1
What is the value of (-1 - -6) + (2 - 5) + 1?
3
Calculate (-5 - 7) + 15 + -3.
0
What is (-5 - -8) + 2 - -1?
6
What is 7 - 5 - (0 + -1)?
3
What is the value of -4 - 0 - -2 - -3?
1
12 + -15 + (1 + 1 - 2)
-3
16 + 0 - (6 + (-5 - -6))
9
-1 + (2 - (-2 - -2))
1
Calculate -10 + -3 + 15 + -1.
1
What is the value of 7 - (6 + (0 - 3 - 1))?
5
4 - (-2 - (-5 - (1 + -4)))
4
What is -1 + 3 + (1 - -3) - 5?
1
What is 5 + (-3 - (0 - 2))?
4
Calculate -4 + 8 + (1 - -2) + -12.
-5
4 + -5 - (-4 + 6)
-3
-4 - (-8 + 4 + -5)
5
4 - (10 + 3 + -6)
-3
Evaluate (6 - (12 - (-3 - 1))) + 4.
-6
Calculate -7 + 17 + (-12 - -2).
0
Evaluate (4 - 1) + (-3 - -2).
2
0 + -1 + 31 + -35
-5
What is (-40 - -36) + (-1 - -2 - 2)?
-5
What is the value of -2 - 7 - (-19 - -4)?
6
Evaluate -4 + (6 - (-1 + 0)) - 2.
1
Calculate -2 + (-1 - 2) - -8.
3
Calculate 7 + -5 - (-4 - (-10 - 3)).
-7
What is the value of (8 - 5) + (-6 - -1 - -3)?
1
(-7 - -12) + 0 + -3 + -1
1
(1 - (-7 - -1) - 3) + 1
5
Calculate (3 - 2 - 7) + 2 + -1.
-5
What is the value of (-11 + 18 - 8) + 4?
3
Calculate -2 + 2 + (-17 - -6 - -7).
-4
Calculate 0 + -9 + 126 + -119.
-2
What is 3 - -2 - (7 + -3)?
1
What is -12 - (-5 - -1) - -3 - -5?
0
What is the value of (0 + -3 - -3) + 2 + -1?
1
Calculate (3 - (2 + -2)) + 7.
10
What is 5 - (1 + (12 - 5))?
-3
What is the value of -2 + 2 - (-2 + (5 - 3))?
0
Evaluate -4 - ((-4 - -2) + 5).
-7
What is 8 - (5 - (5 + -6))?
2
Evaluate (4 - 1) + -2 + 4.
5
Calculate 8 + (-6 - -5) + -6.
1
Calculate 6 - (-1 - (1 - 4)).
4
-13 + 3 - -6 - (-1 - 0)
-3
Calculate -1 - ((-1 - (2 + -1)) + -3).
4
7 - (-7 - (-17 + 4))
1
What is -3 + 0 + 0 - -1 - -6?
4
What is the value of 0 + -1 + (1 - -3)?
3
Calculate -6 + (11 - (10 + -8)).
3
What is the value of -4 + 2 - (-3 - (-7 + 3))?
-3
Calculate -1 - (5 - 7) - 2.
-1
Evaluate 9 + -15 - (1 - 3).
-4
What is 2 + (1 - 2) + 3?
4
What is the value of -10 + (-8 - -17) + 3?
2
7 + 2 + (13 - 22)
0
Evaluate (-1 - 2) + (84 - 77).
4
What is -5 - -4 - (2 - (4 + 0))?
1
What is 10 - (-9 + 24) - -1?
-4
What is the value of (18 - 11) + -5 + (-6 - 1)?
-5
-1 + 6 + (-4 - (4 - -3))
-6
Calculate -2 - (-2 + -6 - -3).
3
2 - -5 - -1 - 15
-7
What is 11 + (-8 - 4 - -4)?
3
2 + -2 + -2 + 3
1
What is 1 + (-5 + (4 - 4) - -4)?
0
Calculate -2 + 8 + -1 + 1.
6
What is 2 + (-3 + 1 - 1)?
-1
What is the value of (-1 - 0) + (5 - 9)?
-5
Evaluate -19 - -23 - (-6 - (-5 - -3)).
8
Calculate -31 + 34 - (-1 + (2 - 4)).
6
What is the value of (2 - -3) + (-2 - 0) - 3?
0
Evaluate (-2 - -9 - (-22 + 25)) + 0.
4
What is (1 - 6) + 8 - (0 + -1)?
4
What is the value of 1 + (-3 - 0) - -7?
5
What is the value of 4 + (4 - (26 - 5 - 5))?
-8
Calculate -1 + 2 - ((6 - 8) + 1).
2
Evaluate -15 + 5 + 9 + -3.
-4
Evaluate 18 + -16 - (5 - 1).
-2
Evaluate -2 + -1 - (10 - 7 - 12).
6
Evaluate 2 + 1 + (-18 - -9).
-6
What is 1 - ((-1 - -7) + 0)?
-5
What is 6 + -1 + -9 - -8?
4
4 + (3 - ((2 - 1) + 3))
3
What is the value of -6 - -4 - 0 - (-4 - 0)?
2
What is 4 + -1 - (8 + (-4 - 2))?
1
Evaluate -3 - (7 - (-4 - -9)).
-5
Calculate (3 - -5) + 8 + -11.
5
Evaluate -7 - (0 + (-3 - -2)).
-6
(-1 - 0 - 0) + (1 - -2)
2
What is the value of -7 - (-7 + 2 - 3)?
1
7 + (11 - (19 + -7))
6
(-1 - (-1 - 0)) + 40 + -44
-4
Evaluate 1 + -5 + (0 - -2) + 2.
0
Calculate 0 + -1 + (-9 + 6 - -2).
-2
-4 + (-2 + (-11 - -6) - -16)
5
Evaluate -8 - (7 - 9 - 2).
-4
Evaluate (3 - 8) + (2 - -7).
4
Calculate 3 - (3 - -5) - (2 + -4).
-3
Evaluate 2 + (-1 + 10 - 8).
3
5 - (4 + (5 - 11) - 4)
11
What is the value of 1 - (11 - 19 - (0 - 1))?
8
What is -11 + -5 + 17 + (1 - 4)?
-2
Evaluate (-20 - -19) + (0 - (1 - 1)).
-1
What is (14 - 12) + (7 - 3)?
6
What is the value of (0 - 5) + 3 + 3?
1
What is 10 - 18 - (-1 + -2)?
-5
Evaluate (8 - (-8 + 9)) + -9.
-2
-8 + (-8 - -18) + 5
7
What is the value of -3 - (3 + (2 - 2) + -6)?
0
Calculate -10 - -1 - (-80 + 76).
-5
0 - -7 - (8 + -3 - 2)
4
Calculate -3 - -2 - -4 - (5 + -2).
0
(-2 - -5) + (-5 - (0 + 1))
-3
What is the value of 4 + 1 - (-4 + 13)?
-4
Calculate (4 + 1 - 13) + 3.
-5
Calculate 5 + -1 + (21 - 27).
-2
What is 2 + 1 - (16 - 18)?
5
7 + (3 - 0) + -4 - 0
6
What is the value of -1 - (-4 + 3) - 3 - -3?
0
Calculate -7 + (3 - 5) + 3.
-6
What is the value of 3 - (-1 - 3 - -10)?
-3
What is the value of 2 - (-1 - -3) - 5 - -12?
7
What is (-4 + 11 - 1) + -4?
2
3 + -1 + (-1 - 5)
-4
What is the value of 0 + 5 + (2 - 5)?
2
Calculate (2 - (-4 - -2)) + -4.
0
What is -10 + 8 + -3 + 4?
-1
8 + -5 + (3 + -2 - 2)
2
Calculate 2 + (-2 - -4) + -2 - -3.
5
Calculate (-50 - -46) + -1 + (0 - 1).
-6
-8 - (11 - 19 - -4)
-4
Calculate 4 + 9 + -8 - 9.
-4
What is (-5 - -5) + 5 + -6 - -3?
2
(-14 - -7 - -7) + 5
5
What is the value of (1 - (5 + -6)) + -4?
-2
Calculate 2 + 0 + -3 + -4.
-5
Calculate 4 + -12 + 3 + 0.
-5
Calculate 2 - (-4 + 6 + 3).
-3
Evaluate 19 + -25 + -1 + 5.
-2
5 - -3 - (-1 - 0 - -4)
5
Calculate 8 - (-8 - -7 - -4).
5
(-4 + 0 + 11 - 5) + 0
2
What is -5 - (-1 + 9 - (37 - 30))?
-6
Calculate (9 - (2 + 4)) + 0 + -3.
0
What is the value of (-1 - -3) + 5 - 4?
3
Evaluate ((4 - 5) + 0 - -10) + -5.
4
Calculate -3 + -1 - (-2 + -13 + 16).
-5
14 + -16 + (1 - -7) - 12
-6
2 + 0 + (-3 - -2) + 1
2
Calculate 6 + (3 - 7) - 1.
1
What is the value of (0 - 3) + (0 - (5 - 6))?
-2
Evaluate -6 - (-24 - 1) - 12.
7
Evaluate 8 - (16 - (7 - -1)).
0
-9 - 1 - -8 - (0 - 0)
-2
Evaluate 2 + (15 - 5 - 15).
-3
3 + -4 + (